 prime?
True
Is 1399397162 prime?
False
Is 326446057 a composite number?
True
Is 419028713 a prime number?
True
Is 7924006541 composite?
True
Is 7002020891 prime?
False
Is 488323049 composite?
False
Is 196048286639 composite?
False
Is 4142231321 composite?
False
Is 434710121 prime?
True
Is 42052319 prime?
True
Is 318614183 a composite number?
True
Is 6106052647 prime?
True
Is 76656721 a composite number?
False
Is 381743111 composite?
True
Is 90504191 a composite number?
True
Is 255587497 composite?
True
Is 1627178237 a prime number?
False
Is 613821671 composite?
True
Is 303513737 composite?
True
Is 113477041 prime?
False
Is 207467839 a composite number?
False
Is 8552515579 a prime number?
True
Is 4974581163 prime?
False
Is 425618023 a prime number?
False
Is 319086071 a prime number?
True
Is 4959310723 composite?
True
Is 43420613 composite?
False
Is 7414438541 composite?
False
Is 3220653377 prime?
False
Is 2550517063 a prime number?
False
Is 20168333331 composite?
True
Is 61865688589 composite?
True
Is 5670386873 a prime number?
False
Is 3959260673 composite?
False
Is 14976737011 composite?
True
Is 128104923703 a composite number?
True
Is 3808085041 a composite number?
False
Is 10575898439 a prime number?
True
Is 12761865313 prime?
True
Is 854503541 composite?
False
Is 1787301787 a prime number?
True
Is 73819021 a prime number?
False
Is 605283001 a prime number?
False
Is 5468816515 composite?
True
Is 3781817789 a composite number?
False
Is 610459393 composite?
False
Is 3638258311 prime?
True
Is 11982867797 a prime number?
True
Is 45716599235 a prime number?
False
Is 7482686201 a composite number?
True
Is 20017155559 a composite number?
True
Is 96106271 a prime number?
True
Is 41161284431 composite?
True
Is 126849796531 prime?
True
Is 8021207 composite?
True
Is 72900401573 composite?
False
Is 11517116011 a prime number?
False
Is 11511844657 prime?
True
Is 22407179387 a prime number?
True
Is 9420172427 prime?
False
Is 49292560549 a prime number?
True
Is 5310139069 composite?
True
Is 62601955789 composite?
False
Is 316185203 prime?
True
Is 57848954381 a prime number?
False
Is 15382032815 prime?
False
Is 2716015637 a composite number?
False
Is 137747587394 composite?
True
Is 2846810039 a composite number?
False
Is 3381936161 a composite number?
False
Is 41935537723 a prime number?
False
Is 131045191 a prime number?
False
Is 294004247 a prime number?
False
Is 316005278606 composite?
True
Is 83140597801 a composite number?
False
Is 253275751 composite?
False
Is 33277495159 a prime number?
True
Is 500827169 composite?
False
Is 74438355007 prime?
True
Is 502871011901 a prime number?
True
Is 2754072583 a composite number?
True
Is 8402775481 prime?
False
Is 5690387357 a prime number?
True
Is 1481578439 a prime number?
False
Is 579277943 a composite number?
True
Is 9555061843 a composite number?
False
Is 3165390031 prime?
True
Is 26080441057 a composite number?
True
Is 1740639221 a prime number?
True
Is 938914147 prime?
False
Is 17523874427 prime?
False
Is 1188420883 composite?
True
Is 4546772473 prime?
True
Is 44751408307 composite?
False
Is 2296125067 composite?
False
Is 243598391851 a composite number?
True
Is 10937172299 a composite number?
True
Is 233951923 composite?
True
Is 5378101387 prime?
True
Is 76661609341 a composite number?
False
Is 1102376899 a composite number?
True
Is 36432119873 composite?
True
Is 35088590135 composite?
True
Is 6383764181 a composite number?
False
Is 8858785431 a composite number?
True
Is 1855511678 a prime number?
False
Is 59040169 a composite number?
False
Is 2975667781 prime?
True
Is 1519198589 prime?
True
Is 4428155933 prime?
True
Is 5861441617 a prime number?
False
Is 4098539387 a composite number?
True
Is 85013977 a composite number?
True
Is 5008704529 a composite number?
True
Is 255496091 composite?
True
Is 446328143 prime?
True
Is 46099727161 a prime number?
True
Is 1248580789 prime?
False
Is 1030777457 composite?
True
Is 11014073041 a prime number?
True
Is 8183229907 a prime number?
False
Is 578039767 a composite number?
True
Is 578823379 a composite number?
False
Is 172544005549 composite?
False
Is 13630068299 a prime number?
True
Is 826133489 a composite number?
False
Is 2667443549 prime?
True
Is 376894159 composite?
True
Is 14636333303 composite?
False
Is 5845683373 a composite number?
True
Is 21300678221 a composite number?
False
Is 10250960387 composite?
True
Is 59787247627 prime?
False
Is 1071066449 composite?
True
Is 248243647 composite?
False
Is 5650146613 composite?
False
Is 2528054257 a composite number?
False
Is 30195829493 composite?
True
Is 17658763943 composite?
False
Is 19112602129 a composite number?
False
Is 746705847 composite?
True
Is 265173179 composite?
False
Is 3970782703 a composite number?
False
Is 436746619 prime?
True
Is 197914217 a prime number?
False
Is 39309711943 a composite number?
False
Is 596215283 composite?
True
Is 7720317257 a prime number?
True
Is 128876018431 composite?
False
Is 3112538629 a composite number?
True
Is 6184853863 a prime number?
True
Is 18833241859 a composite number?
False
Is 552225383 a composite number?
True
Is 23103660277 composite?
True
Is 4787001709 a prime number?
False
Is 1158836099 a prime number?
True
Is 118758979 a prime number?
False
Is 89369773 prime?
False
Is 8978540635 a composite number?
True
Is 44965337819 a composite number?
True
Is 2849861099 a prime number?
True
Is 1517823839 a prime number?
False
Is 2162921477 composite?
False
Is 5796835943 composite?
True
Is 433210619 prime?
False
Is 7553105699 composite?
False
Is 4146622981 a prime number?
False
Is 17963146829 a composite number?
False
Is 156998099 prime?
True
Is 10068926807 a prime number?
True
Is 698205071 a composite number?
False
Is 238620433 a prime number?
False
Is 72857116195 prime?
False
Is 13845461129 a composite number?
False
Is 76526695345 prime?
False
Is 27506776799 composite?
False
Is 289793347 prime?
False
Is 2471074999 composite?
True
Is 1588485259 a prime number?
True
Is 16900492907 prime?
True
Is 20035162366 prime?
False
Is 987073223 prime?
False
Is 46869242231 composite?
True
Is 11042344127 prime?
False
Is 242442293 a prime number?
True
Is 1547956831 composite?
False
Is 5179580267 prime?
True
Is 1743922109 composite?
True
Is 30769626607 prime?
False
Is 288344629 a prime number?
False
Is 13256652053 prime?
True
Is 570194033 a prime number?
False
Is 1880639143 a prime number?
True
Is 66884299 a composite number?
True
Is 59330976709 composite?
True
Is 7433598011 a prime number?
False
Is 3340751663 a composite number?
False
Is 149529767 a composite number?
True
Is 838898129 composite?
False
Is 39703303439 composite?
True
Is 1841758033 a composite number?
True
Is 9340531 a composite number?
True
Is 201638441 a composite number?
False
Is 531843491 composite?
True
Is 436682905 a prime number?
False
Is 1031239147 a prime number?
False
Is 274375697 composite?
True
Is 16736268565 a prime number?
False
Is 30141031 composite?
True
Is 16448600957 composite?
False
Is 15856515119 a prime number?
False
Is 62144649631 a composite number?
False
Is 1821171659 composite?
False
Is 4377382601 a prime number?
True
Is 45266010277 composite?
False
Is 5248264393 a composite number?
False
Is 435277379 a composite number?
False
Is 1376949941 prime?
False
Is 93513037 prime?
False
Is 2045206867 a prime number?
False
Is 1479127121 composite?
False
Is 3542444999 composite?
False
Is 4306196249 a prime number?
True
Is 4985417207 a composite number?
False
Is 86039091566 a composite number?
True
Is 747837511 a composite number?
True
Is 6030028663 a composite number?
False
Is 27142004453 a prime number?
True
Is 8941643497 a composite number?
False
Is 2405974771 composite?
False
Is 2820069341 a composite number?
False
Is 616084463 a prime number?
False
Is 50165058961 prime?
False
Is 787728493 composite?
True
Is 15098981 a prime number?
False
Is 58458055217 a prime number?
True
Is 17229868279 a prime number?
False
Is 633167453 a composite number?
True
Is 1679154749 a composite number?
False
Is 3496634837 prime?
True
Is 75489120445 composite?
True
Is 12652406749 composite?
False
Is 427539781 prime?
True
Is 7282134851 a prime number?
True
Is 4778738821 prime?
True
Is 1338642043 a prime number?
True
Is 115